prime factors of 26262731?
11, 19, 125659
What are the prime factors of 669754232?
2, 7, 11959897
List the prime factors of 17182506.
2, 3, 11, 257, 1013
What are the prime factors of 293103351?
3, 43, 79, 9587
What are the prime factors of 252280899?
3, 13, 79861
List the prime factors of 123103737.
3, 13678193
What are the prime factors of 569822445?
3, 5, 19, 74051
What are the prime factors of 3596434250?
2, 5, 53, 271429
List the prime factors of 2233033463.
19, 941, 124897
List the prime factors of 641138188.
2, 1973, 81239
List the prime factors of 1106883828.
2, 3, 137, 224429
What are the prime factors of 1091131155?
3, 5, 23, 41, 2857
What are the prime factors of 6048168?
2, 3, 7, 37, 139
What are the prime factors of 2608043731?
1049, 2486219
What are the prime factors of 1253057020?
2, 5, 23, 1609, 1693
List the prime factors of 41734204.
2, 10433551
List the prime factors of 702865337.
41, 17143057
What are the prime factors of 167047422?
2, 3, 27841237
List the prime factors of 3187821.
3, 7, 13, 11677
List the prime factors of 174394170.
2, 3, 5, 1937713
What are the prime factors of 961290369?
3, 13, 2738719
List the prime factors of 81023255.
5, 16204651
What are the prime factors of 2365039451?
293, 8071807
What are the prime factors of 287703907?
287703907
List the prime factors of 30984394.
2, 7, 2213171
What are the prime factors of 2636150475?
3, 5, 7, 17, 43, 6869
List the prime factors of 146589717.
3, 48863239
List the prime factors of 412476621.
3, 137492207
What are the prime factors of 48261223?
41, 1177103
List the prime factors of 2200978758.
2, 3, 11, 33348163
What are the prime factors of 577682795?
5, 115536559
List the prime factors of 639653653.
639653653
What are the prime factors of 673848505?
5, 11, 829, 14779
List the prime factors of 685860.
2, 3, 5, 7, 23, 71
What are the prime factors of 44749287?
3, 11, 17, 8863
What are the prime factors of 71447587?
2293, 31159
List the prime factors of 105861453.
3, 233, 269, 563
List the prime factors of 172276670.
2, 5, 23, 41, 18269
What are the prime factors of 161522965?
5, 421, 76733
What are the prime factors of 2836916562?
2, 3, 19, 24885233
What are the prime factors of 3609287402?
2, 7, 257806243
List the prime factors of 32755656.
2, 3, 37, 36887
What are the prime factors of 24942940?
2, 5, 11, 937
List the prime factors of 60788207.
60788207
List the prime factors of 63443275.
5, 7, 43, 8431
List the prime factors of 92987548.
2, 23246887
What are the prime factors of 20015567?
11, 13, 139969
What are the prime factors of 945920771?
1669, 566759
What are the prime factors of 268637362?
2, 7, 157, 122219
List the prime factors of 2023590361.
13, 9059, 17183
What are the prime factors of 17800223?
7, 491, 5179
What are the prime factors of 1378154586?
2, 3, 47, 4887073
What are the prime factors of 994722081?
3, 331574027
What are the prime factors of 195329738?
2, 97664869
List the prime factors of 467947859.
467947859
List the prime factors of 2947069976.
2, 1499, 245753
What are the prime factors of 117326986?
2, 7, 401, 20899
List the prime factors of 2018255784.
2, 3, 84093991
List the prime factors of 121452105.
3, 5, 8096807
What are the prime factors of 611119468?
2, 17, 53, 169567
List the prime factors of 412593323.
412593323
List the prime factors of 139267079.
7, 19895297
List the prime factors of 1133267780.
2, 5, 523, 108343
What are the prime factors of 74573424?
2, 3, 17, 41, 743
List the prime factors of 24472346.
2, 29, 61, 6917
List the prime factors of 18476178.
2, 3, 7, 17, 113, 229
List the prime factors of 21015820.
2, 5, 7, 43, 3491
What are the prime factors of 76443950?
2, 5, 11, 23, 6043
List the prime factors of 99243145.
5, 19848629
List the prime factors of 545713722.
2, 3, 139, 218111
List the prime factors of 1172614308.
2, 3, 31, 3152189
List the prime factors of 5538869442.
2, 3, 29, 47, 401, 563
List the prime factors of 337141278.
2, 3, 41, 193, 263
What are the prime factors of 611507030?
2, 5, 61150703
What are the prime factors of 4133613696?
2, 3, 79, 136261
List the prime factors of 30654460.
2, 5, 1532723
What are the prime factors of 4067673820?
2, 5, 7, 29054813
What are the prime factors of 1192407816?
2, 3, 49683659
What are the prime factors of 94253003?
13, 7250231
List the prime factors of 83005565.
5, 16601113
What are the prime factors of 118544170?
2, 5, 29, 408773
What are the prime factors of 246213901?
246213901
What are the prime factors of 5137660185?
3, 5, 7, 17, 41, 70201
What are the prime factors of 1906319913?
3, 19, 59, 566851
What are the prime factors of 6024785373?
3, 19, 239, 49139
What are the prime factors of 1958766583?
5273, 371471
What are the prime factors of 4568267916?
2, 3, 3049, 13873
What are the prime factors of 71201962?
2, 13, 643, 4259
List the prime factors of 9602989.
11, 872999
What are the prime factors of 879352279?
13, 43, 1573081
List the prime factors of 29093348.
2, 7273337
What are the prime factors of 160587895?
5, 13, 673, 3671
What are the prime factors of 13919133?
3, 149, 31139
List the prime factors of 310930977.
3, 7, 359, 41243
List the prime factors of 330589923.
3, 337, 326993
What are the prime factors of 3067048642?
2, 7, 17, 29, 107, 4153
List the prime factors of 259367952.
2, 3, 211, 25609
List the prime factors of 1246659148.
2, 7, 283, 157327
List the prime factors of 308596422.
2, 3, 41, 53, 23669
What are the prime factors of 230669456?
2, 101, 349, 409
List the prime factors of 1610183811.
3, 8647, 62071
List the prime factors of 486606774.
2, 3, 81101129
List the prime factors of 98542538.
2, 257, 191717
List the prime factors of 41275988.
2, 13, 793769
List the prime factors of 278538209.
401, 694609
What are the prime factors of 95895234?
2, 3, 23, 231631
What are the prime factors of 17909312?
2, 233, 1201
What are the prime factors of 227358054?
2, 3, 7, 11, 164039
List the prime factors of 235319829.
3, 797, 98419
What are the prime factors of 205582833?
3, 7614179
What are the prime factors of 945544804?
2, 19, 53, 234743
What are the prime factors of 57247786?
2, 47, 131, 4649
What are the prime factors of 513034976?
2, 17, 943079
List the prime factors of 21972821.
13, 1690217
List the prime factors of 55713567.
3, 7, 13, 19, 23, 467
What are the prime factors of 34200317?
53, 101, 6389
What are the prime factors of 43751478?
2, 3, 31, 71, 3313
What are the prime factors of 12319249?
12319249
List the prime factors of 317787965.
5, 11, 5777963
What are the prime factors of 9058727?
31, 107, 2731
List the prime factors of 45871024.
2, 43, 61, 1093
List the prime factors of 4289879987.
1319, 1627, 1999
What are the prime factors of 1247143573?
13, 95934121
List the prime factors of 611379508.
2, 29, 331, 15923
What are the prime factors of 15956116?
2, 11, 137, 2647
What are the prime factors of 57876766?
2, 28938383
What are the prime factors of 52447054?
2, 11, 613, 3889
What are the prime factors of 71210431?
83, 857957
List the prime factors of 618101130.
2, 3, 5, 17, 67, 18089
What are the prime factors of 944153400?
2, 3, 5, 59, 149, 179
List the prime factors of 17610613.
17610613
List the prime factors of 1630120483.
1630120483
List the prime factors of 1137670605.
3, 5, 109, 137, 1693
What are the prime factors of 250096015?
5, 13, 83, 151, 307
List the prime factors of 3912353557.
7, 558907651
List the prime factors of 853264740.
2, 3, 5, 127, 111977
What are the prime factors of 226597845?
3, 5, 17, 127, 6997
List the prime factors of 62840993.
17, 107, 179, 193
List the prime factors of 181921692.
2, 3, 17, 163, 5471
List the prime factors of 19934075.
5, 7, 113909
What are the prime factors of 1206731199?
3, 402243733
List the prime factors of 10307889.
3, 317, 3613
List the prime factors of 275409245.
5, 23, 2394863
What are the prime factors of 866292444?
2, 3, 41, 586919
List the prime factors of 112940562.
2, 3, 7, 53, 113, 449
List the prime factors of 3133188295.
5, 173, 3622183
What are the prime factors of 55114248?
2, 3, 7, 328061
List the prime factors of 13489.
7, 41, 47
What are the prime factors of 1096787940?
2, 3, 5, 89, 205391
List the prime factors of 3475139741.
1877, 1851433
List the prime factors of